 the hundreds digit of k?
4
Let p(j) = -2*j**3 + j**2 + 3*j + 6. Let n be p(5). Let b = -123 - n. What is the tens digit of b?
8
Let t(h) = 3*h**2 - 11*h - 16. What is the tens digit of t(-7)?
0
Suppose 2521 - 20826 - 14432 = -19*i. What is the hundreds digit of i?
7
Let v(w) = -184*w + 1. Suppose 9*m = 68 + 31. Let x be m/(-9) - 58/(-261). What is the hundreds digit of v(x)?
1
Let q(d) = -2*d**3 - 50*d**2 + 41*d**2 + 5*d**3 - 2*d**3 + 32 + 24*d**2 - 107*d. What is the tens digit of q(-17)?
7
Let o = 355 - 353. Let m be (-8)/20 - (-12)/5. Suppose -r = g - 13, g - o*r = m*g - 13. What is the units digit of g?
3
Let g(d) = 5*d**2 - 165*d - 281. What is the thousands digit of g(41)?
1
What is the tens digit of 1 - 1347*(1 - 320/15)?
9
What is the thousands digit of -6 + -2 + 5379 + 3 + -1?
5
What is the thousands digit of ((-5)/(10/(-1463)))/((-26)/(-676))?
9
Suppose 2*q + 14 = -4*h - 6, 4*q = 0. Suppose 3*u - 3*w + 42 = -216, 395 = -5*u - 2*w. What is the tens digit of -5 - ((-10)/h + u)?
7
Let n be (1 - 1) + 3 - (9 - 6). Suppose 2*l + 2142 = 3*v, n = 6*v - 4*v - l - 1428. What is the hundreds digit of v?
7
Suppose 0 = 4*p + p - 35. Let y(z) = p*z**3 + 9*z**2 + 24*z - 11 - 14*z**3 + 6*z**3. What is the tens digit of y(11)?
1
Suppose -7*s + 27607 = -243048. What is the units digit of s?
5
Let w = -1373 - -2201. What is the tens digit of w?
2
Let c(w) = w - 2. Let d be c(-18). Let t be (-361)/(-10) - (-2)/d. Suppose 2*o = -18 + t. What is the units digit of o?
9
Let j be (-8)/(-6) - (-3344)/48. What is the hundreds digit of (j - 72)/((-2)/854 - 0)?
4
Let f be (1/(-2))/1*-66. Suppose 0 = -47*m + 50*m + f. Let i(t) = -t**3 - 9*t**2 + 4*t - 6. What is the tens digit of i(m)?
9
Let i = -1038 + 3763. What is the units digit of i?
5
Let l = 22538 + -18641. What is the hundreds digit of l?
8
Let d = -3623 + 7329. What is the hundreds digit of d?
7
Let a be -4*123/(-6) - (-2 - -5). Let w = 38 - a. Let k = w - -112. What is the units digit of k?
1
Let q(w) be the second derivative of 19*w**4/4 + 2*w**3 + 4*w**2 - 56*w. What is the units digit of q(-6)?
8
Suppose -4*j = -5*g - 2*j + 105573, -5*g + 105553 = 3*j. What is the thousands digit of g?
1
Suppose 8*s = 3*s - 25, 0 = u + 4*s - 11662. What is the ten thousands digit of u?
1
Let i be (17/51)/(2/(-6)). What is the hundreds digit of i/(21/5621)*-3?
8
Let b(l) = -l**3 + 2*l**2 - 2*l + 3. Let q be b(2). Suppose 335*d - 318*d - 34 = 0. What is the units digit of q - (d + -20 - 4)?
1
Let d(w) = 851*w - 7588. What is the units digit of d(17)?
9
What is the units digit of ((-149)/(-2)*2)/((76/6498)/2)?
9
Let f(k) = 73*k**3 + 2*k**2 + 9*k + 58. Let u be f(7). What is the tens digit of u/15 - ((-728)/60 - -12)?
8
Suppose 5*d - 2*d + 4*k = 40631, 4*d - 3*k = 54108. What is the ten thousands digit of d?
1
Let d(l) = l**3 - 5*l**2 + 6*l + 4. Let u be d(3). Let c be (-303)/(-6) - u/8. Let k = 17 + c. What is the units digit of k?
7
Let b(t) = -31*t + 128. What is the hundreds digit of b(-31)?
0
Let y(p) = -p**2 + 16. Let k be y(-11). Let l be ((-378)/k)/((-11)/10 - -1). What is the hundreds digit of (9/(l/(-904)))/2?
1
Suppose -10*x - 3652 = x. Let v = x + 946. What is the tens digit of v?
1
Let d = -18212 - -51744. What is the ten thousands digit of d?
3
Let m = 30 - 26. Suppose 2*t = -4*y - 546, -m*y + 2*t - 3*t - 543 = 0. Let g = -79 - y. What is the units digit of g?
6
Let w(k) be the third derivative of 5*k**4/12 - 29*k**3/2 - 6*k**2. Let d be (1 - (5 - -2))/((-26)/117). What is the units digit of w(d)?
3
Suppose 0*f - 152 = -19*f. What is the hundreds digit of (f/12)/((16/(-8148))/(-2))?
6
Let s(x) = -182*x - 21. Let f = -299 - -296. What is the tens digit of s(f)?
2
Suppose 2*r = -3*d + 108 + 547, 3*r - 4*d = 957. Let i = -156 + r. What is the tens digit of i?
6
Let n = -60 - -65. Suppose c - 4*m = 3, -n*c = 4*m - 5 - 10. What is the tens digit of 4/1 - 276/(-18)*c?
5
Let m = 13 + -13. Suppose m = d + 4*d - 50. Suppose 5*j - r - 87 = -1, j - 2*r = d. What is the tens digit of j?
1
Let q(x) = -x**3 + 31*x**2 + 57*x - 241. What is the tens digit of q(28)?
0
Suppose 0 = -5*x + 2*k - k - 9041, k + 5423 = -3*x. What is the hundreds digit of (8/28 - x/(-7))/(-2)?
1
Let l(c) = 10*c**2 - 65*c - 832. What is the tens digit of l(-35)?
9
Let o = 7263 + -309. What is the units digit of o?
4
Let k(x) = 120 + 2*x**3 + 33*x**2 - 16*x**2 - 18*x**2 - 2*x. What is the units digit of k(0)?
0
Let h = 18 + -9. Let u(d) = -4*d**2 + 36*d + 20. What is the tens digit of u(h)?
2
Suppose -50*l + n = -46*l - 7700, -3*n + 12 = 0. Suppose -l - 944 = -5*s. What is the units digit of s?
4
Let b be 6/9 + -1 + 4576/48. Suppose 47 = -2*v + b. What is the units digit of ((-29)/3)/(-2*4/v)?
9
Suppose -5*h + 87*g + 13785 = 82*g, 2*g = 4*h - 11026. What is the hundreds digit of h?
7
Let l = 14096 - 7589. What is the hundreds digit of l?
5
Suppose 0 = -3*k - 5*y + 1911 + 1851, -1247 = -k - 4*y. What is the hundreds digit of k?
2
Suppose v + 20 - 14 = 0, -5*t + 163411 = -6*v. What is the ten thousands digit of t?
3
Suppose -6841 = -c - 5*k, c + c - 13647 = -3*k. Suppose -7*z + c = 5*z. What is the units digit of z?
8
Let l(u) = -u**2 + 21*u - 2. Suppose 0 = 4*a + 16*d - 14*d - 82, -3*d = -15. What is the tens digit of l(a)?
5
Let t(w) = 25*w**2 - 35*w - 44. What is the units digit of t(-18)?
6
What is the units digit of (-6)/4 + 479028/24?
8
Let i(t) = 274*t + 26. Suppose -4*q + 4 = 4*s, 0 + 5 = -5*s. What is the hundreds digit of i(q)?
5
Suppose -d - 43 = -571. Let f be -1*1*d/(-16). Let y = f + 204. What is the tens digit of y?
3
Let a(y) = y**2 - 49. Let r be a(-26). Let o = r + -281. What is the tens digit of o?
4
Suppose -10*t = -9*t + 3, -2*t + 18 = h. Suppose 0 = 3*q - 15*q + h. What is the tens digit of (-1)/(1/(-165 - q))?
6
Suppose -899 = -4*l + 3*a, -a = -l + 99 + 125. Suppose -2*n - 585 = -5*f + 2*n, l = 2*f - 3*n. What is the tens digit of f?
2
Let o(q) = -q**3 + q**2 + q. Let a(p) = 109*p**3 + 5*p**2 + 4*p - 1. Let m(x) = -a(x) + 3*o(x). Let f be m(-1). What is the tens digit of 2 + 1 + 0 - (-19 - f)?
3
Suppose 4*x - 5385 = -k, 2*x + 29426 = 4*k + 7778. What is the thousands digit of k?
5
Let x = -91 - -79. Let u be ((-9)/x)/((-9)/(-24) + 0). What is the hundreds digit of u + 505/3 + (-1)/3?
1
What is the units digit of (-664352)/(-20) + ((-3)/15 - (-24)/40)?
8
Suppose -181 + 41 = -14*l. Let d(q) = 5*q**2 - 18*q. What is the tens digit of d(l)?
2
Let k(f) = 68*f + 4544. What is the tens digit of k(-29)?
7
Let x(l) = 4*l + 50. Let z(q) = -8*q - 100. Let u(t) = 7*x(t) + 3*z(t). Let g(j) = -j**3 - 2*j**2 + 23*j + 3. Let a be g(-6). What is the tens digit of u(a)?
8
Let h(s) = 427*s - 39. Suppose c = 3*q + 4 - 11, 5*q - 11 = 2*c. What is the units digit of h(q)?
2
Let u = -52 + 57. Let v be (-6)/4*-31 + u/10. Let t = v + 102. What is the units digit of t?
9
Let z be 60/14 - (-26)/(-91). Suppose 3*d = 2*t - 722, -z*t = -8*t + d + 1454. What is the units digit of t?
4
Let d(w) = w**3 - 7*w**2 - 8*w + 2. Let a be d(8). Suppose a*g = -3 - 15. Let b(o) = -4*o - 21. What is the tens digit of b(g)?
1
Let q = 17 - 1. Suppose 2*v + q = 4*m, -5*m + v + 21 = -2*v. Suppose 205 = 4*a + 4*z - 863, -m*z = a - 273. What is the units digit of a?
4
Suppose 3*s = 3*u + 151722, 3482*s + u + 202272 = 3486*s. What is the ten thousands digit of s?
5
Suppose -18*q = -75166 + 2284. What is the units digit of q?
9
Let n(l) be the second derivative of l**3/2 + l**2 + 2*l. Let w be n(0). Suppose -2*d + 22 = -w. What is the units digit of d?
2
Let w(g) = -g**2 + 3*g + 8. Let n be w(6). What is the units digit of -1 - n/14 - 7812/(-588)?
3
What is the hundreds digit of 2669/(-527) + 5 + 1178810/62?
0
Suppose -5*g + 0*g + 66 = -3*d, -2*d = 4*g - 66. Suppose -g*c + 42048 = 33*c. What is the hundreds digit of c?
8
Suppose -20*y = -97417 - 274303. What is the thousands digit of y?
8
Suppose 6 = 2*m, 4*n = -0*m + 2*m - 134. Let g be 368/(-1)*16/n. Suppose -117 = -7*c + g. What is the tens digit of c?
4
Let j be (0 + (-10)/(-6))/((-10)/(-30)). Suppose -2*s - 4*m = -2266, 2*m = j*s + 5*m - 5672. What is the hundreds digit of s?
1
Let l(c) = -30*c - 39. Let d(r) = -2. Let x(y) = -105*d(y) + 5*l(y). What is the units digit of x(-2)?
5
What is the hundreds digit of 279/(-1